 = -7*y + 12. Let o(n) = 2*n + 8*n**2 + 2*n**3 + 2*n**2 - 4*n**3 - 5*n**2 - 1 - 7*n**2. Give o(y).
-3
Suppose r - b = -1 - 3, -5*r - 4*b - 20 = 0. Let o(c) = 18*c**3 + c**2 + 11*c + 3. Let u(j) = 5*j**3 + 4*j + 1. Let y(n) = -2*o(n) + 7*u(n). Give y(r).
9
Let f(t) = -3*t + 1. Let u(x) = -9*x + 3. Let p(m) = 11*f(m) - 4*u(m). Let s be 1/(7809/(-34524) + 1/12). What is p(s)?
-22
Let g(h) = 47*h + 47. Let o = 3632 - 3633. Give g(o).
0
Let i(w) be the third derivative of w**5/60 + 7*w**4/24 - 5*w**3/6 - 10*w**2. Let l(m) = m**2 - 16*m + 14. Let p be l(10). Let h = -54 - p. What is i(h)?
3
Let m(x) = 42 - 2*x - 5*x**2 - 115 + 37 + 3*x**2 + 42. Suppose -q - 4*g = q + 30, -q - 5*g = 30. Give m(q).
-34
Let a(d) = -66387 + 66384 - 4*d - 2*d**3 + 5*d**3 + 4*d**2 - 4*d**3. Give a(4).
-19
Let h(i) = 9*i**2 - 22*i - 3. Let b(x) be the third derivative of x**5/12 - 11*x**4/24 - x**3/6 + 4*x**2 + 6*x. Let g(d) = 11*b(d) - 6*h(d). Calculate g(-11).
7
Let b(o) be the first derivative of -o**3/3 + 13*o**2/2 - 4*o - 441. Let z be (5 - 132/28) + 68/7. Determine b(z).
26
Let f(y) = 7*y + 5. Let j(s) = -s**3 - 7*s**2 + 82*s - 27. Let v be j(6). Determine f(v).
-16
Let t(k) be the third derivative of -1/120*k**6 + 1/15*k**5 + 0 - 2/3*k**3 + 7/24*k**4 + 77*k - 2*k**2. Suppose -6 = -a - 1. Calculate t(a).
6
Let c be 14 + 13/((-117)/108). Let i(h) = 4*h**2 + 2*h - 10. Determine i(c).
10
Let z(m) = -11*m - 40. Let a(k) = -25*k - 86. Let t(x) = 4*a(x) - 9*z(x). Let u(i) = 14*i - 1. Let o be u(1). Give t(o).
3
Let i(o) = -107*o + 12. Let u(z) = -21*z. Let x(m) = -i(m) + 5*u(m). Calculate x(14).
16
Let y(t) = 4*t - 21. Let i be y(6). Suppose -4 = -2*f + 3*b - 5, 4*f - 19 = -b. Let d(j) = 7*j - i - 2*j - 2 + f. Determine d(2).
9
Let p(r) be the first derivative of -r**4/4 - r**3 - r**2 - 4*r - 5537. Let x(b) = 2*b**2 - b - 1. Let y be x(-1). Suppose 3 = k - y*k. Calculate p(k).
2
Let u(q) = 3*q**2 - 8*q + 12. Let j be u(4). Let o = j + -22. Let z(r) = r**3 - 6*r**2 + 2. Calculate z(o).
2
Let h(y) = y - 1. Let f(w) = 4*w**2 + 1. Let a be f(-1). Suppose -3*n = -a*b + 2*n + 30, 3*n + 14 = 2*b. Determine h(b).
3
Let x(g) = -g + 16. Let n(q) = -3*q**3 - 3*q**2 + 12*q + 16. Let w be n(-4). Let a = -99 + w. Calculate x(a).
3
Let o(z) = -105*z - 89. Let i(w) = 25*w + 20. Let a(h) = 9*i(h) + 2*o(h). Calculate a(1).
17
Let l be 7 + (-4)/(-12)*-3. Suppose -3*s = 3*b - 6, -5*b = -3*s - l*b + 14. Let z(q) be the third derivative of -q**4/24 + 2*q**3/3 - 5*q**2. Determine z(s).
-2
Let f(x) be the second derivative of -x**3/2 - 39*x**2/2 + 100*x - 5. Determine f(-10).
-9
Let f(g) = -7 + g + 1 + 0*g. Let w(q) = 6*q - 33. Let c be w(9). Suppose c - 7 = -2*n. What is f(n)?
-13
Let r(x) = 283 - x**2 + 273 + 284 + 2*x - 1108 + 279. What is r(-3)?
-4
Suppose 72*f - 30 = 67*f. Let p(x) be the third derivative of 0 + 1/120*x**f - 7/24*x**4 - 7/60*x**5 + 9*x**2 + 0*x - 4/3*x**3. What is p(8)?
0
Suppose 9*t - 48 = -3*t. Suppose -8*x + 4*x = 3*c + 4, -4*c = t*x. Let w(f) = -2*f**2 - 1 + 0 - 7*f + f**2. What is w(x)?
11
Let k(p) = 166 + p - 87 - 84 - 3*p + 14*p**2 - 13*p**2. Suppose 3*w - 10 = i, 2*w + w = 3*i. Give k(w).
10
Suppose 4 = -11*g + 37. Let p(t) = 3*t**2 + 1699*t**3 - t - 1697*t**g + 0*t. Give p(2).
26
Let p(x) = -3*x**3 - 2*x**2 - x - 1. Let j be -3 + (-2 - (-9 + 2)). Calculate p(j).
-35
Let m(q) = -4*q**2 + 3*q. Let l(i) = -2*i**2 + 3*i - 1. Let a(b) = -3*l(b) + 2*m(b). Calculate a(1).
-2
Let q(z) = 8*z**2 - z + 1 - 20*z**2 + 7*z**2. Suppose 4 - 6 = -2*a. Suppose -4 = -5*s + a. Give q(s).
-5
Let k(d) = 211*d**2 + 11*d. Let w(x) = 264*x**2 + 9*x. Let j(r) = -5*k(r) + 4*w(r). Calculate j(18).
-18
Let c = -3486 + 3467. Let h(x) = -x**2 - 16*x + 13. What is h(c)?
-44
Let p = -174 + 218. Suppose -4*l - 4*o - p = 0, o + 51 = -5*l - 3*o. Let y(g) be the second derivative of g**3/6 + 3*g**2 - 17*g. Calculate y(l).
-1
Let i be 3 + 2 - (16 + -9). Let d(f) = -f**3 - 4*f**2 - 4*f - 4. Let g be d(i). Let c(m) = -m**3 - 4*m**2 - 3*m - 5. Calculate c(g).
7
Let k(f) = 4*f + 8 - f + f**2 - 3. Let j(q) = 5*q**2 + 16*q + 27. Let z(m) = -2*j(m) + 11*k(m). Give z(3).
13
Let l = 316 - 316. Suppose -20*i + 22*i - 8 = l. Let b(s) = s**3 - 3*s**2 - 3*s + 5. Determine b(i).
9
Suppose 0*n + 3*n + 60 = 0. Let u be (24/15)/(8/n). Let i(l) = -5*l**2 + l. Let h(o) = -19*o**2 + 6*o - 5. Let y(g) = h(g) - 4*i(g). What is y(u)?
3
Let u(i) = -289*i + 367*i - 80*i + 11. Determine u(-2).
15
Let z(u) = 370*u - 8512. Let c be z(23). Let a(d) = -44*d**2 - 4*d - 2. Calculate a(c).
-170
Let z(c) = -7*c**3 - 3*c**2 - 3*c - 5. Let s be (8*(-40)/(-96))/((-4)/(-6)). Let q(p) = 6*p**3 + 3*p**2 + 2*p + 4. Let i(l) = s*z(l) + 6*q(l). Calculate i(-3).
8
Suppose 0 = -b + 43*j - 45*j - 6, 48 = -5*b - j. Let z(w) = 11 + 2*w + 11*w**2 + 6*w + 3*w + w**3. Calculate z(b).
1
Let p(x) = -22*x**2 + 20*x - 54. Let h(l) = 19*l**2 - 21*l + 48. Let q(w) = 7*h(w) + 6*p(w). What is q(27)?
12
Let j(c) be the second derivative of -5*c**3/6 - 45*c**2 + 910*c. Determine j(-22).
20
Let s(w) be the second derivative of -w**6/360 + w**5/60 + w**3/3 - 51*w**2 - 2*w - 58. Let v(a) be the second derivative of s(a). Determine v(7).
-35
Let y(x) = 17. Let p(b) = -48. Let s(u) = -6*p(u) - 17*y(u). Let j(i) = -2*i + 10. Let r(d) = j(d) + 12*s(d). What is r(-7)?
12
Let i be (-40 - (-5236)/132) + (-2)/(-6). Let s(x) = -38*x - 2. Determine s(i).
-2
Let y(h) be the third derivative of 3*h**4/2 + 29*h**3/2 + 257*h**2. Let i be y(-3). Let x(r) = r**2 + 20*r - 24. What is x(i)?
-3
Let c(s) = -7*s - 102. Let h be c(-16). Let g = 3 + -1. Let f(k) = 10*k**g + h*k - 4*k**2 - 7*k**2 - 5 - 3*k. Calculate f(8).
-13
Let z(a) = -6*a + 5*a + 10*a - 2. Suppose -n - o - 8 + 2 = 0, 5*n - 6*o - 47 = 0. Determine z(n).
7
Suppose 3*z + 3 = -9. Let n(c) be the second derivative of c**6/360 + c**5/24 - 53*c**4/6 - 184*c. Let d(u) be the third derivative of n(u). Calculate d(z).
-3
Let b = 15772 + -15791. Let k(o) = o**2 + 14*o - 38. Give k(b).
57
Let d(t) = 4*t**2 + 6*t + 3. Suppose -7*a - 377 = 10*a - 309. Calculate d(a).
43
Let n(t) = 9*t - 34. Let g be 2/10 - (32/20 - 352/55). Determine n(g).
11
Let x(r) be the first derivative of 11*r**5/60 + r**4/12 - r**3/6 + 115*r**2/2 - 7. Let z(n) be the second derivative of x(n). Give z(1).
12
Let p = -991 - -531. Let t = 465 + p. Let v(f) = 2*f - 3*f + 3*f + 3 - 8. What is v(t)?
5
Let q(y) = -17*y + 3 - y**3 + 234*y**2 - 245*y**2 + 0. Determine q(-8).
-53
Let q(i) = i**2 + i. Let w(c) = -c**3 - 8*c**2 + 10*c + 6. Let d(p) = 4*q(p) + w(p). Let r = 42710 - 42716. Determine d(r).
-6
Let f be 8/12 + 2/6. Let k(r) = 0 + f - 3*r + 2*r + 2*r**2 - 3*r**2. Let g(z) = 3*z**2 + 11*z - 7. Let x be g(-4). What is k(x)?
-5
Let i(j) = -4*j - 3. Let d be (-14)/(-70)*-5 + -9. Give i(d).
37
Suppose -2*u - 3*h + 80 = -22, 293 = 5*u - 2*h. Suppose 2*c + u - 49 = 0. Let x(t) = -t + 4. Calculate x(c).
8
Let o(f) = 6*f**2 + f + 1. Let h(d) = -d**2 - 3*d + 107. Let x be h(-12). Determine o(x).
6
Suppose -4*s + 8*u - 13 + 25 = 0, 2*s + 4*u - 6 = 0. Let r(f) = 10*f**2 - 27*f - 1. Determine r(s).
8
Let g(z) be the third derivative of -11/24*z**4 - 129*z**2 - 3/2*z**3 + 0*z + 0 - 1/60*z**5. Give g(-10).
1
Let c = -6166 + 6164. Let y(q) = -7*q - 7. Give y(c).
7
Let i(g) = -g**2 - 4*g + 36. Let z(j) = j**2 + 587*j + 4. Let f be z(0). Determine i(f).
4
Let y(n) = 2*n**3 - 30*n**2 + 26*n + 32. Let q be y(14). Let g be (-20)/6*(-30)/25. Suppose k - 1 - 3 = 0, -q*x - g*k = 8. Let v(o) = -o - 2. What is v(x)?
4
Let d(f) = f**3 - 6*f**2 - 4*f + 3. Let x(h) = -736*h**2 - 11 + 24 + 8*h + 737*h**2. Let i be x(-7). What is d(i)?
-21
Let b(x) = x**3 - x**2 + 2*x**2 - 2*x - 4*x**2. Let s(c) = -10*c + 20. Let y be s(2). Suppose 0 = -2*a + 3*j - 0*j + 17, y = -2*a + 4*j + 20. Determine b(a).
8
Let y(n) be the second derivative of 1/2*n**2 + 0 - 1/12*n**4 + 6/5*n**5 - 9*n + 0*n**3. Give y(1).
24
Let m(s) = -75*s**2 + s + 1. Let j = -8621 - -8622. What is m(j)?
-73
Let z(d) = -d**2 - 8*d - 28. Suppose -324 = 121*x - 94*x. Give z(x).
-76
Let f(m) be the second derivative of m**5/20 + 19*m**4/12 + 19*m**3/6 + m**2 + 941*m + 1. Give f(-18).
-16
Let h be (-2 + (17 - 1))*(-4)/8. Let k(d) = -d - 12. Let v(t) = -2*t - 24. Let l(s) = 5*k(s) - 2*v(s). Calculate l(h).
-5
Let z(x) = -8*x**3 + 6*